
Is 262 a factor of 800800?
False
Is 7 a factor of 1251759?
False
Is 1055 a factor of 2538330?
True
Does 28 divide 6062840?
True
Does 701 divide 7410972?
True
Is 160776 a multiple of 88?
True
Is 144508 a multiple of 9?
False
Is 19 a factor of 5935600?
True
Is 140941 a multiple of 50?
False
Is 19 a factor of 9936?
False
Does 9 divide 170433?
True
Is 22685283 a multiple of 87?
False
Does 24 divide 568062?
False
Is 190008 a multiple of 4?
True
Is 686 a multiple of 7?
True
Is 13 a factor of 53248?
True
Is 74 a factor of 1016538?
True
Does 34 divide 246390?
False
Does 363 divide 268160?
False
Is 29 a factor of 5354075?
False
Is 2835674 a multiple of 19?
True
Is 3120303 a multiple of 427?
False
Is 490258 a multiple of 27?
False
Is 1964347 a multiple of 551?
False
Does 132 divide 7939791?
False
Is 606171 a multiple of 111?
True
Is 245079 a multiple of 89?
False
Does 28 divide 130368?
True
Is 60200 a multiple of 43?
True
Is 40 a factor of 1377240?
True
Is 99 a factor of 451539?
True
Is 32 a factor of 540224?
True
Is 45 a factor of 2917530?
True
Is 15 a factor of 3828922?
False
Is 10 a factor of 395399?
False
Is 1597 a factor of 2842660?
True
Does 35 divide 23805040?
True
Does 247 divide 25524295?
False
Is 295781 a multiple of 104?
False
Is 8 a factor of 6399870?
False
Does 22 divide 92290?
True
Is 280 a factor of 1640710?
False
Is 18 a factor of 466942?
False
Is 821 a factor of 9929174?
True
Is 9 a factor of 509516?
False
Is 372 a factor of 667740?
True
Is 65 a factor of 1070745?
True
Is 206027 a multiple of 40?
False
Is 9374345 a multiple of 18?
False
Is 11 a factor of 26383?
False
Is 216 a factor of 816912?
True
Does 139 divide 78535?
True
Is 19 a factor of 6433300?
False
Is 838 a factor of 4877726?
False
Does 89 divide 178?
True
Does 435 divide 1716535?
False
Is 1002 a factor of 8982728?
False
Is 344182 a multiple of 89?
False
Is 1201802 a multiple of 270?
False
Does 3 divide 45495?
True
Is 291 a factor of 250925?
False
Does 10 divide 263358?
False
Is 41 a factor of 228232?
False
Does 4 divide 76279?
False
Is 736 a factor of 1772288?
True
Is 405435 a multiple of 537?
True
Is 26581 a multiple of 32?
False
Is 103 a factor of 353086?
False
Is 38 a factor of 87742?
True
Does 17 divide 10732678?
True
Does 10 divide 642969?
False
Is 1204803 a multiple of 37?
False
Does 584 divide 647656?
True
Is 126 a factor of 624904?
False
Does 74 divide 183584?
False
Is 30438 a multiple of 7?
False
Is 936 a factor of 518544?
True
Does 9 divide 1084965?
False
Is 22 a factor of 5677936?
True
Does 7 divide 4715304?
False
Is 23207820 a multiple of 905?
True
Is 1927590 a multiple of 21?
True
Is 7 a factor of 348936?
True
Is 2330776 a multiple of 14?
True
Is 2013 a factor of 532854?
False
Does 309 divide 126506?
False
Is 581529 a multiple of 93?
True
Is 26 a factor of 183404?
True
Does 224 divide 14651392?
True
Is 19 a factor of 262579?
False
Does 67 divide 9045295?
False
Is 2228396 a multiple of 155?
False
Does 190 divide 11771756?
False
Is 1067939 a multiple of 496?
False
Does 49 divide 10504473?
True
Is 1027360 a multiple of 40?
True
Is 429624 a multiple of 78?
True
Is 16 a factor of 635750?
False
Is 43964 a multiple of 17?
False
Is 38 a factor of 100776?
True
Does 10 divide 2728903?
False
Does 27 divide 175338?
True
Does 17 divide 133093?
True
Is 6 a factor of 75651?
False
Does 3 divide 2184?
True
Does 25 divide 141075?
True
Is 3754755 a multiple of 27?
True
Does 12 divide 165016?
False
Is 16 a factor of 698294?
False
Is 15 a factor of 296303?
False
Is 330880 a multiple of 8?
True
Does 5 divide 8920324?
False
Is 13559 a multiple of 10?
False
Is 119150 a multiple of 150?
False
Does 10 divide 124600?
True
Is 69480 a multiple of 60?
True
Does 11 divide 137210?
False
Is 907 a factor of 9493569?
True
Does 6 divide 546673?
False
Does 134 divide 1419998?
True
Does 26 divide 1807495?
False
Does 61 divide 825596?
False
Is 169926 a multiple of 254?
True
Is 441396 a multiple of 18?
True
Is 16186 a multiple of 4?
False
Is 2137880 a multiple of 614?
False
Is 11951107 a multiple of 1381?
False
Does 68 divide 21354720?
True
Is 87 a factor of 2668098?
False
Is 1343 a multiple of 79?
True
Is 13 a factor of 107857?
False
Does 4 divide 979753?
False
Is 26 a factor of 936910?
True
Is 41 a factor of 30524584?
False
Is 296208 a multiple of 72?
True
Is 196 a factor of 768327?
False
Does 7 divide 77931?
True
Is 6818 a multiple of 14?
True
Does 217 divide 1519?
True
Is 3 a factor of 256341?
True
Is 368 a factor of 463961?
False
Is 367521 a multiple of 6?
False
Does 20 divide 12224440?
True
Is 826875 a multiple of 27?
True
Is 294 a factor of 1001364?
True
Does 249 divide 120683?
False
Does 51 divide 112557?
True
Does 23 divide 1171275?
True
Is 16600 a multiple of 6?
False
Is 39038 even?
True
Is 213270 a multiple of 358?
False
Is 22 a factor of 149534?
True
Is 2 a factor of 5316?
True
Is 625 a factor of 20331250?
True
Is 6158478 a multiple of 430?
False
Is 20 a factor of 7740?
True
Is 56815 a multiple of 109?
False
Does 234 divide 66222?
True
Is 15 a factor of 171585?
True
Is 547 a factor of 406328?
False
Does 12 divide 3226738?
False
Is 77 a factor of 288442?
True
Is 8497424 a multiple of 8?
True
Is 31 a factor of 1126323?
True
Is 65 a factor of 41336?
False
Does 16 divide 2080832?
True
Does 49 divide 132790?
True
Does 150 divide 149851?
False
Does 20 divide 9095580?
True
Is 2 a factor of 24622?
True
Is 264 a factor of 798112?
False
Does 22 divide 27742?
True
Is 12553907 a multiple of 367?
False
Is 85342 a multiple of 71?
True
Is 47592 a multiple of 4?
True
Is 557 a factor of 134794?
True
Is 4 a factor of 2136596?
True
Is 17 a factor of 128648?
False
Is 56104 a multiple of 39?
False
Is 4 a factor of 190320?
True
Is 57 a factor of 91021?
False
Does 130 divide 655085?
False
Is 6 a factor of 530658?
True
Is 8210 a multiple of 46?
False
Is 39919 even?
False
Does 9 divide 1320849?
True
Is 57406 a multiple of 6?
False
Is 72 a factor of 156096?
True
Is 43 a factor of 27682373?
False
Does 117 divide 102312?
False
Is 118815 a multiple of 15?
True
Does 71 divide 954666?
True
Does 284 divide 458092?
True
Is 708576 a multiple of 33?
True
Is 86125 a multiple of 53?
True
Is 47798 a multiple of 36?
False
Does 4 divide 1030731?
False
Is 475160 a multiple of 29?
False
Is 286440 a multiple of 385?
True
Is 1313875 a multiple of 9?
False
Does 42 divide 12847?
False
Does 43 divide 1444979?
False
Does 536 divide 7442691?
False
Is 553270 a multiple of 10?
True
Is 105 a factor of 184410?
False
Is 140070 a multiple of 70?
True
Is 111510 a multiple of 10?
True
Does 20 divide 201811?
False
Is 11883142 a multiple of 7?
False
Does 43 divide 7687?
False
Is 31 a factor of 78213?
True
Is 19 a factor of 55242?
False
Does 123 divide 213159?
True
Does 235 divide 472893?
False
Is 9 a factor of 42605?
False
Does 894 divide 6435525?
False
Is 11582644 a multiple of 68?
True
Is 1242 a factor of 4902998?
False
Is 25 a factor of 303144?
False
Does 11 divide 181910?
False
Is 3 a factor of 247461?
True
Is 201949 a multiple of 112?
False
Does 42 divide 1141518?
True
Is 191 a factor of 1181144?
True
Is 452647 a multiple of 81?
False
Is 81468 a multiple of 146?
True
Is 204116 a multiple of 29?
False
Is 1624812 a multiple of 203?
True
Is 109688 a multiple of 52?
False
Is 1389887 a multiple of 5?
False
Is 317208 a multiple of 6?
True
Is 1346328 a multiple of 92?
True
Does 11 divide 3741010?
False
Does 49 divide 61936?
True
Is 41646 a multiple of 22?
True
Is 117 a factor of 4238250?
False
Is 56 a factor of 1446528?
False
Is 26 a factor of 5891106?
True
Does 44 divide 398596?
True
Does 109 divide 9104879?
True
Does 105 divide 1946175?
True
Is 166 a factor of 6633360?
True
Does 255 divide 6636630?
True
Is 213417 a multiple of 9?
True
Does 33 divide 19061097?
True
Does 10 divide 849870?
True
Is 19 a factor of 126271?
False
Is 38 a factor of 1168791?
False
Is 1690458 a multiple of 231?
True
Does 9 divide 1244317?
False
Is 37 a factor of 112036?
True
Does 17 divide 211701?
True
Does 146 divide 417268?
True
Is 724737 a multiple of 18?
False
Is 734919 a multiple of 5?
False
Does 37 divide 2774641?
False
Is 100 a factor of 4449406?
False
Is 143 a factor of 398970?
True
Is 64 a factor of 518278?
False
Does 606 divide 356328?
True
Is 175 a factor of